{"id":3034,"date":"2023-02-25T21:07:42","date_gmt":"2023-02-25T20:07:42","guid":{"rendered":"https:\/\/cephisoh.org\/?page_id=656"},"modified":"2024-01-07T18:00:08","modified_gmt":"2024-01-07T17:00:08","slug":"rgpd","status":"publish","type":"page","link":"https:\/\/ibmhconseils.com\/index.php\/rgpd\/","title":{"rendered":"Protection des Donn\u00e9es &#8211; RGPD"},"content":{"rendered":"\t\t<div data-elementor-type=\"wp-page\" data-elementor-id=\"3034\" class=\"elementor elementor-3034\" data-elementor-settings=\"{&quot;ha_cmc_init_switcher&quot;:&quot;no&quot;}\">\n\t\t\t\t\t\t<section class=\"elementor-section elementor-top-section elementor-element elementor-element-24dbb5b4 elementor-section-stretched elementor-section-boxed elementor-section-height-default elementor-section-height-default wpr-particle-no wpr-jarallax-no wpr-parallax-no wpr-sticky-section-no wpr-equal-height-no\" data-id=\"24dbb5b4\" data-element_type=\"section\" data-e-type=\"section\" data-settings=\"{&quot;stretch_section&quot;:&quot;section-stretched&quot;,&quot;_ha_eqh_enable&quot;:false}\">\n\t\t\t\t\t\t<div class=\"elementor-container elementor-column-gap-default\">\n\t\t\t\t\t<div class=\"elementor-column elementor-col-100 elementor-top-column elementor-element elementor-element-1bd13d42\" data-id=\"1bd13d42\" data-element_type=\"column\" data-e-type=\"column\">\n\t\t\t<div class=\"elementor-widget-wrap elementor-element-populated\">\n\t\t\t\t\t\t<div class=\"elementor-element elementor-element-fb364f3 elementor-widget elementor-widget-heading\" data-id=\"fb364f3\" data-element_type=\"widget\" data-e-type=\"widget\" data-widget_type=\"heading.default\">\n\t\t\t\t<div class=\"elementor-widget-container\">\n\t\t\t\t\t<h2 class=\"elementor-heading-title elementor-size-large\">PROTECTION DE VOS DONNEES - RGPD<\/h2>\t\t\t\t<\/div>\n\t\t\t\t<\/div>\n\t\t\t\t<div class=\"elementor-element elementor-element-737b7b82 elementor-drop-cap-yes elementor-drop-cap-view-default elementor-widget elementor-widget-text-editor\" data-id=\"737b7b82\" data-element_type=\"widget\" data-e-type=\"widget\" data-settings=\"{&quot;drop_cap&quot;:&quot;yes&quot;}\" data-widget_type=\"text-editor.default\">\n\t\t\t\t<div class=\"elementor-widget-container\">\n\t\t\t\t\t\t\t\t\t<p><span style=\"color: #000000;\">La Soci\u00e9t\u00e9 IBMH Conseils est particuli\u00e8rement attach\u00e9e au respect de la vie priv\u00e9e de ses Membres et Donateurs et \u00e0 la protection de leurs donn\u00e9es personnelles.&nbsp;<\/span><\/p>\n<p><span style=\"color: #000000;\">La pr\u00e9sente politique de confidentialit\u00e9 est d\u00e9finie par&nbsp;<\/span><span style=\"color: rgb(0, 0, 0); font-size: 1rem;\">IBMH Conseils<\/span><span style=\"color: rgb(0, 0, 0); font-style: inherit; font-weight: inherit;\">&nbsp;et d\u00e9taille la fa\u00e7on dont elle collecte et assure le traitement des donn\u00e9es \u00e0 caract\u00e8re personnel des utilisateurs de son site.<\/span><\/p>\n<p><span style=\"color: #000000;\">En tant que Responsable de Traitement,&nbsp;<\/span><span style=\"font-size: 1rem; color: rgb(0, 0, 0);\">IBMH Conseils<\/span><span style=\"color: #000000;\">&nbsp;proc\u00e8de au Traitement des Donn\u00e9es Personnelles des Membres et Donateurs en conformit\u00e9 avec la r\u00e8glementation nationale et europ\u00e9enne en vigueur et notamment la<a style=\"color: #000000;\" href=\"https:\/\/www.legifrance.gouv.fr\/loda\/id\/LEGISCTA000006095896\"> loi Informatique et Libert\u00e9s<\/a> et le <a style=\"color: #000000;\" href=\"https:\/\/www.cnil.fr\/fr\/reglement-europeen-protection-donnees#:~:text=R%C3%A8glement%20(UE)%202016%2F679,sur%20la%20protection%20des%20donn%C3%A9es).\">R\u00e8glement G\u00e9n\u00e9ral sur la Protection des Donn\u00e9es (RGPD)<\/a><\/span><\/p>\n<p><span style=\"color: #000000;\">En naviguant sur le site, les Utilisateurs et Visiteurs reconnaissent avoir pris connaissance de cette Politique de Confidentialit\u00e9 et en accepter les termes.<\/span><\/p>\n<p><span style=\"color: #000000;\"><b>TRAITEMENT des DONNEES PERSONNELLES et FINALITES<\/b> :&nbsp;<\/span><span style=\"font-family: var( --e-global-typography-text-font-family ), Sans-serif; font-style: inherit; font-weight: inherit; color: rgb(0, 0, 0);\">Vos donn\u00e9es personnelles peuvent faire l&rsquo;objet d&rsquo;un traitement informatique dans le cadre de vos contacts afin de pouvoir prendre en compte et r\u00e9pondre \u00e0 vos demandes.<\/span><\/p><p><span style=\"color: rgb(0, 0, 0); font-style: inherit;\"><b>DESTINATAIRES des DONNEES PERSONNELLES et DUREE de CONSERVATION<\/b><\/span><span style=\"color: rgb(0, 0, 0); font-style: inherit; font-weight: inherit;\"> : Les donn\u00e9es collect\u00e9es seront communiqu\u00e9es aux seuls responsables de la Soci\u00e9t\u00e9 et seront conserv\u00e9es uniquement pendant la dur\u00e9e n\u00e9cessaire au traitement de votre demande.<\/span><br><\/p>\n<p><span style=\"color: #000000;\"><b>MESURES de SECURITE<\/b> :&nbsp;<\/span><span style=\"font-size: 1rem; color: rgb(0, 0, 0);\">IBMH Conseils<\/span><span style=\"font-style: inherit; font-weight: inherit; color: rgb(0, 0, 0);\">&nbsp;<\/span><span style=\"color: #000000;\">&nbsp;s\u2019engage \u00e0 prendre toutes mesures techniques et organisationnelles appropri\u00e9es pour pr\u00e9server la confidentialit\u00e9 et la s\u00e9curit\u00e9 de vos Donn\u00e9es Personnelles et de les prot\u00e9ger contre toute perte, d\u00e9tournement ou divulgation non autoris\u00e9e.<\/span><\/p>\n<p><span style=\"color: #000000;\"><b>EXERCICE des DROITS des PERSONNES CONCERNEES <\/b>:&nbsp;Conform\u00e9ment aux dispositions l\u00e9gales et r\u00e9glementaires applicables, les utilisateurs et visiteurs du site disposent des droits suivants :<\/span><\/p>\n<ul>\n<li><span style=\"color: #000000;\">Droit d\u2019acc\u00e8s (article 15 du RGPD) et de rectification (article 16 du RGPD), de mise \u00e0 jour, de compl\u00e9tude des donn\u00e9es&nbsp;<\/span><\/li>\n<li><span style=\"color: #000000;\">Droit d\u2019effacement des donn\u00e9es \u00e0 caract\u00e8re personnel (article 17 du RGPD)&nbsp;<\/span><\/li>\n<li><span style=\"color: #000000;\">Droit de retirer \u00e0 tout moment un consentement (article 13-2c du RGPD)&nbsp;<\/span><\/li>\n<li><span style=\"color: #000000;\">Droit d\u2019opposition au traitement des donn\u00e9es (article 21 du RGPD)&nbsp;<\/span><\/li>\n<li><span style=\"color: #000000;\">Droit \u00e0 la portabilit\u00e9 des donn\u00e9es (article 20 du RGPD)<span style=\"font-style: inherit; font-weight: inherit; font-family: var( --e-global-typography-text-font-family ), Sans-serif;\">&nbsp;<\/span><\/span><\/li>\n<\/ul>\n<p><span style=\"color: #000000;\">Nous vous invitons \u00e0 consulter le site de la Commission nationale de l\u2019informatique et des libert\u00e9s (<a style=\"color: #000000;\" href=\"https:\/\/www.cnil.fr\/\" target=\"_blank\" rel=\"noopener\">CNIL<\/a>) pour plus d\u2019informations sur vos droits.<\/span><\/p>\n<p><span style=\"color: #000000;\">Pour exercer vos droits ou pour toute question concernant le traitement de vos donn\u00e9es, vous pouvez contacter notre d\u00e9l\u00e9gu\u00e9 \u00e0 la protection des donn\u00e9es par e-mail \u00e0 l&rsquo;adresse suivante : gestion@ibmhconseils.com.<\/span><\/p>\n<p><span style=\"color: #000000;\">Si vous estimez, apr\u00e8s nous avoir contact\u00e9s, que vos droits \u00ab\u00a0Informatique et Libert\u00e9s\u00a0\u00bb ne sont pas respect\u00e9s, vous pouvez adresser une <a style=\"color: #000000;\" href=\"https:\/\/www.cnil.fr\/fr\/plaintes\">r\u00e9clamation \u00e0 la CNIL<\/a><\/span><\/p>\n<p><!-- \/wp:paragraph --><\/p>\n<p><!-- \/wp:quote --><\/p>\t\t\t\t\t\t\t\t<\/div>\n\t\t\t\t<\/div>\n\t\t\t\t\t<\/div>\n\t\t<\/div>\n\t\t\t\t\t<\/div>\n\t\t<\/section>\n\t\t\t\t<\/div>\n\t\t","protected":false},"excerpt":{"rendered":"<p>PROTECTION DE VOS DONNEES &#8211; RGPD La Soci\u00e9t\u00e9 IBMH Conseils est particuli\u00e8rement attach\u00e9e au respect de la vie priv\u00e9e de ses Membres et Donateurs et \u00e0 la protection de leurs donn\u00e9es personnelles.&nbsp; La pr\u00e9sente politique de confidentialit\u00e9 est d\u00e9finie par&nbsp;IBMH Conseils&nbsp;et d\u00e9taille la fa\u00e7on dont elle collecte et assure le traitement des donn\u00e9es \u00e0 caract\u00e8re personnel des utilisateurs de son site. En tant que Responsable de Traitement,&nbsp;IBMH Conseils&nbsp;proc\u00e8de au Traitement des Donn\u00e9es Personnelles des Membres et Donateurs en conformit\u00e9 avec la r\u00e8glementation nationale et europ\u00e9enne en vigueur et notamment la loi Informatique et Libert\u00e9s et le R\u00e8glement G\u00e9n\u00e9ral sur la Protection des Donn\u00e9es (RGPD) En naviguant sur le site, les Utilisateurs et Visiteurs reconnaissent avoir pris connaissance de cette Politique de Confidentialit\u00e9 et en accepter les termes. TRAITEMENT des DONNEES PERSONNELLES et FINALITES :&nbsp;Vos donn\u00e9es personnelles peuvent faire l&rsquo;objet d&rsquo;un traitement informatique dans le cadre de vos contacts afin de pouvoir prendre en compte et r\u00e9pondre \u00e0 vos demandes. DESTINATAIRES des DONNEES PERSONNELLES et DUREE de CONSERVATION : Les donn\u00e9es collect\u00e9es seront communiqu\u00e9es aux seuls responsables de la Soci\u00e9t\u00e9 et seront conserv\u00e9es uniquement pendant la dur\u00e9e n\u00e9cessaire au traitement de votre demande. MESURES de SECURITE :&nbsp;IBMH Conseils&nbsp;&nbsp;s\u2019engage \u00e0 prendre toutes mesures techniques et organisationnelles appropri\u00e9es pour pr\u00e9server la confidentialit\u00e9 et la s\u00e9curit\u00e9 de vos Donn\u00e9es Personnelles et de les prot\u00e9ger contre toute perte, d\u00e9tournement ou divulgation non autoris\u00e9e. EXERCICE des DROITS des PERSONNES CONCERNEES :&nbsp;Conform\u00e9ment aux dispositions l\u00e9gales et r\u00e9glementaires applicables, les utilisateurs et visiteurs du site disposent des droits suivants : Droit d\u2019acc\u00e8s (article 15 du RGPD) et de rectification (article 16 du RGPD), de mise \u00e0 jour, de compl\u00e9tude des donn\u00e9es&nbsp; Droit d\u2019effacement des donn\u00e9es \u00e0 caract\u00e8re personnel (article 17 du RGPD)&nbsp; Droit de retirer \u00e0 tout moment un consentement (article 13-2c du RGPD)&nbsp; Droit d\u2019opposition au traitement des donn\u00e9es (article 21 du RGPD)&nbsp; Droit \u00e0 la portabilit\u00e9 des donn\u00e9es (article 20 du RGPD)&nbsp; Nous vous invitons \u00e0 consulter le site de la Commission nationale de l\u2019informatique et des libert\u00e9s (CNIL) pour plus d\u2019informations sur vos droits. Pour exercer vos droits ou pour toute question concernant le traitement de vos donn\u00e9es, vous pouvez contacter notre d\u00e9l\u00e9gu\u00e9 \u00e0 la protection des donn\u00e9es par e-mail \u00e0 l&rsquo;adresse suivante : gestion@ibmhconseils.com. Si vous estimez, apr\u00e8s nous avoir contact\u00e9s, que vos droits \u00ab\u00a0Informatique et Libert\u00e9s\u00a0\u00bb ne sont pas respect\u00e9s, vous pouvez adresser une r\u00e9clamation \u00e0 la CNIL<\/p>\n","protected":false},"author":3,"featured_media":0,"parent":0,"menu_order":0,"comment_status":"closed","ping_status":"closed","template":"","meta":{"site-sidebar-layout":"default","site-content-layout":"","ast-site-content-layout":"default","site-content-style":"default","site-sidebar-style":"default","ast-global-header-display":"","ast-banner-title-visibility":"","ast-main-header-display":"","ast-hfb-above-header-display":"","ast-hfb-below-header-display":"","ast-hfb-mobile-header-display":"","site-post-title":"","ast-breadcrumbs-content":"","ast-featured-img":"","footer-sml-layout":"","ast-disable-related-posts":"","theme-transparent-header-meta":"","adv-header-id-meta":"","stick-header-meta":"","header-above-stick-meta":"","header-main-stick-meta":"","header-below-stick-meta":"","astra-migrate-meta-layouts":"default","ast-page-background-enabled":"default","ast-page-background-meta":{"desktop":{"background-color":"","background-image":"","background-repeat":"repeat","background-position":"center center","background-size":"auto","background-attachment":"scroll","background-type":"","background-media":"","overlay-type":"","overlay-color":"","overlay-opacity":"","overlay-gradient":""},"tablet":{"background-color":"","background-image":"","background-repeat":"repeat","background-position":"center center","background-size":"auto","background-attachment":"scroll","background-type":"","background-media":"","overlay-type":"","overlay-color":"","overlay-opacity":"","overlay-gradient":""},"mobile":{"background-color":"","background-image":"","background-repeat":"repeat","background-position":"center center","background-size":"auto","background-attachment":"scroll","background-type":"","background-media":"","overlay-type":"","overlay-color":"","overlay-opacity":"","overlay-gradient":""}},"ast-content-background-meta":{"desktop":{"background-color":"var(--ast-global-color-5)","background-image":"","background-repeat":"repeat","background-position":"center center","background-size":"auto","background-attachment":"scroll","background-type":"","background-media":"","overlay-type":"","overlay-color":"","overlay-opacity":"","overlay-gradient":""},"tablet":{"background-color":"var(--ast-global-color-5)","background-image":"","background-repeat":"repeat","background-position":"center center","background-size":"auto","background-attachment":"scroll","background-type":"","background-media":"","overlay-type":"","overlay-color":"","overlay-opacity":"","overlay-gradient":""},"mobile":{"background-color":"var(--ast-global-color-5)","background-image":"","background-repeat":"repeat","background-position":"center center","background-size":"auto","background-attachment":"scroll","background-type":"","background-media":"","overlay-type":"","overlay-color":"","overlay-opacity":"","overlay-gradient":""}},"footnotes":""},"class_list":["post-3034","page","type-page","status-publish","hentry"],"yoast_head":"<!-- This site is optimized with the Yoast SEO plugin v27.4 - https:\/\/yoast.com\/product\/yoast-seo-wordpress\/ -->\n<title>Protection des Donn\u00e9es - RGPD - IBMH Conseils<\/title>\n<meta name=\"robots\" content=\"index, follow, max-snippet:-1, max-image-preview:large, max-video-preview:-1\" \/>\n<link rel=\"canonical\" href=\"https:\/\/ibmhconseils.com\/index.php\/rgpd\/\" \/>\n<meta property=\"og:locale\" content=\"fr_FR\" \/>\n<meta property=\"og:type\" content=\"article\" \/>\n<meta property=\"og:title\" content=\"Protection des Donn\u00e9es - RGPD - IBMH Conseils\" \/>\n<meta property=\"og:description\" content=\"PROTECTION DE VOS DONNEES &#8211; RGPD La Soci\u00e9t\u00e9 IBMH Conseils est particuli\u00e8rement attach\u00e9e au respect de la vie priv\u00e9e de ses Membres et Donateurs et \u00e0 la protection de leurs donn\u00e9es personnelles.&nbsp; La pr\u00e9sente politique de confidentialit\u00e9 est d\u00e9finie par&nbsp;IBMH Conseils&nbsp;et d\u00e9taille la fa\u00e7on dont elle collecte et assure le traitement des donn\u00e9es \u00e0 caract\u00e8re personnel des utilisateurs de son site. En tant que Responsable de Traitement,&nbsp;IBMH Conseils&nbsp;proc\u00e8de au Traitement des Donn\u00e9es Personnelles des Membres et Donateurs en conformit\u00e9 avec la r\u00e8glementation nationale et europ\u00e9enne en vigueur et notamment la loi Informatique et Libert\u00e9s et le R\u00e8glement G\u00e9n\u00e9ral sur la Protection des Donn\u00e9es (RGPD) En naviguant sur le site, les Utilisateurs et Visiteurs reconnaissent avoir pris connaissance de cette Politique de Confidentialit\u00e9 et en accepter les termes. TRAITEMENT des DONNEES PERSONNELLES et FINALITES :&nbsp;Vos donn\u00e9es personnelles peuvent faire l&rsquo;objet d&rsquo;un traitement informatique dans le cadre de vos contacts afin de pouvoir prendre en compte et r\u00e9pondre \u00e0 vos demandes. DESTINATAIRES des DONNEES PERSONNELLES et DUREE de CONSERVATION : Les donn\u00e9es collect\u00e9es seront communiqu\u00e9es aux seuls responsables de la Soci\u00e9t\u00e9 et seront conserv\u00e9es uniquement pendant la dur\u00e9e n\u00e9cessaire au traitement de votre demande. MESURES de SECURITE :&nbsp;IBMH Conseils&nbsp;&nbsp;s\u2019engage \u00e0 prendre toutes mesures techniques et organisationnelles appropri\u00e9es pour pr\u00e9server la confidentialit\u00e9 et la s\u00e9curit\u00e9 de vos Donn\u00e9es Personnelles et de les prot\u00e9ger contre toute perte, d\u00e9tournement ou divulgation non autoris\u00e9e. EXERCICE des DROITS des PERSONNES CONCERNEES :&nbsp;Conform\u00e9ment aux dispositions l\u00e9gales et r\u00e9glementaires applicables, les utilisateurs et visiteurs du site disposent des droits suivants : Droit d\u2019acc\u00e8s (article 15 du RGPD) et de rectification (article 16 du RGPD), de mise \u00e0 jour, de compl\u00e9tude des donn\u00e9es&nbsp; Droit d\u2019effacement des donn\u00e9es \u00e0 caract\u00e8re personnel (article 17 du RGPD)&nbsp; Droit de retirer \u00e0 tout moment un consentement (article 13-2c du RGPD)&nbsp; Droit d\u2019opposition au traitement des donn\u00e9es (article 21 du RGPD)&nbsp; Droit \u00e0 la portabilit\u00e9 des donn\u00e9es (article 20 du RGPD)&nbsp; Nous vous invitons \u00e0 consulter le site de la Commission nationale de l\u2019informatique et des libert\u00e9s (CNIL) pour plus d\u2019informations sur vos droits. Pour exercer vos droits ou pour toute question concernant le traitement de vos donn\u00e9es, vous pouvez contacter notre d\u00e9l\u00e9gu\u00e9 \u00e0 la protection des donn\u00e9es par e-mail \u00e0 l&rsquo;adresse suivante : gestion@ibmhconseils.com. Si vous estimez, apr\u00e8s nous avoir contact\u00e9s, que vos droits \u00ab\u00a0Informatique et Libert\u00e9s\u00a0\u00bb ne sont pas respect\u00e9s, vous pouvez adresser une r\u00e9clamation \u00e0 la CNIL\" \/>\n<meta property=\"og:url\" content=\"https:\/\/ibmhconseils.com\/index.php\/rgpd\/\" \/>\n<meta property=\"og:site_name\" content=\"IBMH Conseils\" \/>\n<meta property=\"article:modified_time\" content=\"2024-01-07T17:00:08+00:00\" \/>\n<meta name=\"twitter:card\" content=\"summary_large_image\" \/>\n<meta name=\"twitter:label1\" content=\"Dur\u00e9e de lecture estim\u00e9e\" \/>\n\t<meta name=\"twitter:data1\" content=\"2 minutes\" \/>\n<script type=\"application\/ld+json\" class=\"yoast-schema-graph\">{\"@context\":\"https:\\\/\\\/schema.org\",\"@graph\":[{\"@type\":\"WebPage\",\"@id\":\"https:\\\/\\\/ibmhconseils.com\\\/index.php\\\/rgpd\\\/\",\"url\":\"https:\\\/\\\/ibmhconseils.com\\\/index.php\\\/rgpd\\\/\",\"name\":\"Protection des Donn\u00e9es - RGPD - IBMH Conseils\",\"isPartOf\":{\"@id\":\"https:\\\/\\\/ibmhconseils.com\\\/#website\"},\"datePublished\":\"2023-02-25T20:07:42+00:00\",\"dateModified\":\"2024-01-07T17:00:08+00:00\",\"breadcrumb\":{\"@id\":\"https:\\\/\\\/ibmhconseils.com\\\/index.php\\\/rgpd\\\/#breadcrumb\"},\"inLanguage\":\"fr-FR\",\"potentialAction\":[{\"@type\":\"ReadAction\",\"target\":[\"https:\\\/\\\/ibmhconseils.com\\\/index.php\\\/rgpd\\\/\"]}]},{\"@type\":\"BreadcrumbList\",\"@id\":\"https:\\\/\\\/ibmhconseils.com\\\/index.php\\\/rgpd\\\/#breadcrumb\",\"itemListElement\":[{\"@type\":\"ListItem\",\"position\":1,\"name\":\"Accueil\",\"item\":\"https:\\\/\\\/ibmhconseils.com\\\/\"},{\"@type\":\"ListItem\",\"position\":2,\"name\":\"Protection des Donn\u00e9es &#8211; RGPD\"}]},{\"@type\":\"WebSite\",\"@id\":\"https:\\\/\\\/ibmhconseils.com\\\/#website\",\"url\":\"https:\\\/\\\/ibmhconseils.com\\\/\",\"name\":\"IBMH Conseils\",\"description\":\"Collaborez avec des professionnels sp\u00e9cialis\u00e9s dans vos domaines d\u2019activit\u00e9s\",\"publisher\":{\"@id\":\"https:\\\/\\\/ibmhconseils.com\\\/#organization\"},\"potentialAction\":[{\"@type\":\"SearchAction\",\"target\":{\"@type\":\"EntryPoint\",\"urlTemplate\":\"https:\\\/\\\/ibmhconseils.com\\\/?s={search_term_string}\"},\"query-input\":{\"@type\":\"PropertyValueSpecification\",\"valueRequired\":true,\"valueName\":\"search_term_string\"}}],\"inLanguage\":\"fr-FR\"},{\"@type\":\"Organization\",\"@id\":\"https:\\\/\\\/ibmhconseils.com\\\/#organization\",\"name\":\"IBMH Conseils\",\"url\":\"https:\\\/\\\/ibmhconseils.com\\\/\",\"logo\":{\"@type\":\"ImageObject\",\"inLanguage\":\"fr-FR\",\"@id\":\"https:\\\/\\\/ibmhconseils.com\\\/#\\\/schema\\\/logo\\\/image\\\/\",\"url\":\"https:\\\/\\\/ibmhconseils.com\\\/wp-content\\\/uploads\\\/2025\\\/05\\\/LOGO-IBMH-CONSEILS-BLANC_.png\",\"contentUrl\":\"https:\\\/\\\/ibmhconseils.com\\\/wp-content\\\/uploads\\\/2025\\\/05\\\/LOGO-IBMH-CONSEILS-BLANC_.png\",\"width\":1829,\"height\":738,\"caption\":\"IBMH Conseils\"},\"image\":{\"@id\":\"https:\\\/\\\/ibmhconseils.com\\\/#\\\/schema\\\/logo\\\/image\\\/\"},\"sameAs\":[\"https:\\\/\\\/www.linkedin.com\\\/in\\\/ibmh-conseils-7508931b6\\\/\"]}]}<\/script>\n<!-- \/ Yoast SEO plugin. -->","yoast_head_json":{"title":"Protection des Donn\u00e9es - RGPD - IBMH Conseils","robots":{"index":"index","follow":"follow","max-snippet":"max-snippet:-1","max-image-preview":"max-image-preview:large","max-video-preview":"max-video-preview:-1"},"canonical":"https:\/\/ibmhconseils.com\/index.php\/rgpd\/","og_locale":"fr_FR","og_type":"article","og_title":"Protection des Donn\u00e9es - RGPD - IBMH Conseils","og_description":"PROTECTION DE VOS DONNEES &#8211; RGPD La Soci\u00e9t\u00e9 IBMH Conseils est particuli\u00e8rement attach\u00e9e au respect de la vie priv\u00e9e de ses Membres et Donateurs et \u00e0 la protection de leurs donn\u00e9es personnelles.&nbsp; La pr\u00e9sente politique de confidentialit\u00e9 est d\u00e9finie par&nbsp;IBMH Conseils&nbsp;et d\u00e9taille la fa\u00e7on dont elle collecte et assure le traitement des donn\u00e9es \u00e0 caract\u00e8re personnel des utilisateurs de son site. En tant que Responsable de Traitement,&nbsp;IBMH Conseils&nbsp;proc\u00e8de au Traitement des Donn\u00e9es Personnelles des Membres et Donateurs en conformit\u00e9 avec la r\u00e8glementation nationale et europ\u00e9enne en vigueur et notamment la loi Informatique et Libert\u00e9s et le R\u00e8glement G\u00e9n\u00e9ral sur la Protection des Donn\u00e9es (RGPD) En naviguant sur le site, les Utilisateurs et Visiteurs reconnaissent avoir pris connaissance de cette Politique de Confidentialit\u00e9 et en accepter les termes. TRAITEMENT des DONNEES PERSONNELLES et FINALITES :&nbsp;Vos donn\u00e9es personnelles peuvent faire l&rsquo;objet d&rsquo;un traitement informatique dans le cadre de vos contacts afin de pouvoir prendre en compte et r\u00e9pondre \u00e0 vos demandes. DESTINATAIRES des DONNEES PERSONNELLES et DUREE de CONSERVATION : Les donn\u00e9es collect\u00e9es seront communiqu\u00e9es aux seuls responsables de la Soci\u00e9t\u00e9 et seront conserv\u00e9es uniquement pendant la dur\u00e9e n\u00e9cessaire au traitement de votre demande. MESURES de SECURITE :&nbsp;IBMH Conseils&nbsp;&nbsp;s\u2019engage \u00e0 prendre toutes mesures techniques et organisationnelles appropri\u00e9es pour pr\u00e9server la confidentialit\u00e9 et la s\u00e9curit\u00e9 de vos Donn\u00e9es Personnelles et de les prot\u00e9ger contre toute perte, d\u00e9tournement ou divulgation non autoris\u00e9e. EXERCICE des DROITS des PERSONNES CONCERNEES :&nbsp;Conform\u00e9ment aux dispositions l\u00e9gales et r\u00e9glementaires applicables, les utilisateurs et visiteurs du site disposent des droits suivants : Droit d\u2019acc\u00e8s (article 15 du RGPD) et de rectification (article 16 du RGPD), de mise \u00e0 jour, de compl\u00e9tude des donn\u00e9es&nbsp; Droit d\u2019effacement des donn\u00e9es \u00e0 caract\u00e8re personnel (article 17 du RGPD)&nbsp; Droit de retirer \u00e0 tout moment un consentement (article 13-2c du RGPD)&nbsp; Droit d\u2019opposition au traitement des donn\u00e9es (article 21 du RGPD)&nbsp; Droit \u00e0 la portabilit\u00e9 des donn\u00e9es (article 20 du RGPD)&nbsp; Nous vous invitons \u00e0 consulter le site de la Commission nationale de l\u2019informatique et des libert\u00e9s (CNIL) pour plus d\u2019informations sur vos droits. Pour exercer vos droits ou pour toute question concernant le traitement de vos donn\u00e9es, vous pouvez contacter notre d\u00e9l\u00e9gu\u00e9 \u00e0 la protection des donn\u00e9es par e-mail \u00e0 l&rsquo;adresse suivante : gestion@ibmhconseils.com. Si vous estimez, apr\u00e8s nous avoir contact\u00e9s, que vos droits \u00ab\u00a0Informatique et Libert\u00e9s\u00a0\u00bb ne sont pas respect\u00e9s, vous pouvez adresser une r\u00e9clamation \u00e0 la CNIL","og_url":"https:\/\/ibmhconseils.com\/index.php\/rgpd\/","og_site_name":"IBMH Conseils","article_modified_time":"2024-01-07T17:00:08+00:00","twitter_card":"summary_large_image","twitter_misc":{"Dur\u00e9e de lecture estim\u00e9e":"2 minutes"},"schema":{"@context":"https:\/\/schema.org","@graph":[{"@type":"WebPage","@id":"https:\/\/ibmhconseils.com\/index.php\/rgpd\/","url":"https:\/\/ibmhconseils.com\/index.php\/rgpd\/","name":"Protection des Donn\u00e9es - RGPD - IBMH Conseils","isPartOf":{"@id":"https:\/\/ibmhconseils.com\/#website"},"datePublished":"2023-02-25T20:07:42+00:00","dateModified":"2024-01-07T17:00:08+00:00","breadcrumb":{"@id":"https:\/\/ibmhconseils.com\/index.php\/rgpd\/#breadcrumb"},"inLanguage":"fr-FR","potentialAction":[{"@type":"ReadAction","target":["https:\/\/ibmhconseils.com\/index.php\/rgpd\/"]}]},{"@type":"BreadcrumbList","@id":"https:\/\/ibmhconseils.com\/index.php\/rgpd\/#breadcrumb","itemListElement":[{"@type":"ListItem","position":1,"name":"Accueil","item":"https:\/\/ibmhconseils.com\/"},{"@type":"ListItem","position":2,"name":"Protection des Donn\u00e9es &#8211; RGPD"}]},{"@type":"WebSite","@id":"https:\/\/ibmhconseils.com\/#website","url":"https:\/\/ibmhconseils.com\/","name":"IBMH Conseils","description":"Collaborez avec des professionnels sp\u00e9cialis\u00e9s dans vos domaines d\u2019activit\u00e9s","publisher":{"@id":"https:\/\/ibmhconseils.com\/#organization"},"potentialAction":[{"@type":"SearchAction","target":{"@type":"EntryPoint","urlTemplate":"https:\/\/ibmhconseils.com\/?s={search_term_string}"},"query-input":{"@type":"PropertyValueSpecification","valueRequired":true,"valueName":"search_term_string"}}],"inLanguage":"fr-FR"},{"@type":"Organization","@id":"https:\/\/ibmhconseils.com\/#organization","name":"IBMH Conseils","url":"https:\/\/ibmhconseils.com\/","logo":{"@type":"ImageObject","inLanguage":"fr-FR","@id":"https:\/\/ibmhconseils.com\/#\/schema\/logo\/image\/","url":"https:\/\/ibmhconseils.com\/wp-content\/uploads\/2025\/05\/LOGO-IBMH-CONSEILS-BLANC_.png","contentUrl":"https:\/\/ibmhconseils.com\/wp-content\/uploads\/2025\/05\/LOGO-IBMH-CONSEILS-BLANC_.png","width":1829,"height":738,"caption":"IBMH Conseils"},"image":{"@id":"https:\/\/ibmhconseils.com\/#\/schema\/logo\/image\/"},"sameAs":["https:\/\/www.linkedin.com\/in\/ibmh-conseils-7508931b6\/"]}]}},"jetpack_sharing_enabled":true,"_links":{"self":[{"href":"https:\/\/ibmhconseils.com\/index.php\/wp-json\/wp\/v2\/pages\/3034","targetHints":{"allow":["GET"]}}],"collection":[{"href":"https:\/\/ibmhconseils.com\/index.php\/wp-json\/wp\/v2\/pages"}],"about":[{"href":"https:\/\/ibmhconseils.com\/index.php\/wp-json\/wp\/v2\/types\/page"}],"author":[{"embeddable":true,"href":"https:\/\/ibmhconseils.com\/index.php\/wp-json\/wp\/v2\/users\/3"}],"replies":[{"embeddable":true,"href":"https:\/\/ibmhconseils.com\/index.php\/wp-json\/wp\/v2\/comments?post=3034"}],"version-history":[{"count":10,"href":"https:\/\/ibmhconseils.com\/index.php\/wp-json\/wp\/v2\/pages\/3034\/revisions"}],"predecessor-version":[{"id":3152,"href":"https:\/\/ibmhconseils.com\/index.php\/wp-json\/wp\/v2\/pages\/3034\/revisions\/3152"}],"wp:attachment":[{"href":"https:\/\/ibmhconseils.com\/index.php\/wp-json\/wp\/v2\/media?parent=3034"}],"curies":[{"name":"wp","href":"https:\/\/api.w.org\/{rel}","templated":true}]}}